t is the tens digit of w?
3
What is the tens digit of (-191)/((-1 - -1) + (-19)/38)?
8
Let n = 7976 - 3816. What is the hundreds digit of n?
1
Let t = 775 - 520. What is the units digit of t?
5
Suppose 2*a + 3*p - 84 = -p, 5*a + 2*p - 170 = 0. Suppose -3*q + 4*j + 43 = 0, 4*q + 2*j - j - a = 0. Suppose q = 3*s - 36. What is the tens digit of s?
1
Let s be (-3 + (-31)/3)/(8/(-12)). Let w(u) = 5*u - 50. What is the units digit of w(s)?
0
Let g(k) = 78 - 45 - 14*k - 44. What is the units digit of g(-6)?
3
Let k = 290 + 84. What is the hundreds digit of k?
3
Let x(u) = 23*u - 12. Let j be x(6). Suppose j = 4*y + q, 23 = y - 3*q - q. What is the units digit of y?
1
Suppose 3*v = b + 2789, 7*v = 4*v - 3*b + 2781. What is the units digit of v?
9
Suppose 14*j - 5635 = -9*j. What is the tens digit of j?
4
Let g(v) = v**2 + 44. Let o(k) be the third derivative of k**5/60 - 5*k**4/12 + 6*k**2. Let u be o(10). What is the tens digit of g(u)?
4
What is the units digit of (1117/2)/(32/64)?
7
Suppose 5*t - 2550 = -24*f + 22*f, -1020 = -2*t - 5*f. What is the hundreds digit of t?
5
Let f(j) be the second derivative of -j**3/2 - 5*j**2/2 - 4*j. Let q(v) = v**2 + 10*v + 19. Let n be q(-7). What is the units digit of f(n)?
1
Suppose 0 = -5*g - 15 + 115. Suppose -3*u - 2*u = -g. Suppose -u*c + 14 = 3*c. What is the units digit of c?
2
Suppose 8*r + 1460 = 11*r - 5*v, 0 = -r + 3*v + 488. What is the tens digit of r?
8
Let n(q) = -187*q - 445. What is the hundreds digit of n(-26)?
4
Let s = -83 + 94. Let i be 49/(-5) - (-2)/(-10). Let h = i + s. What is the units digit of h?
1
Let d(b) = -10*b**3 + 11*b**2 + 95*b + 1. What is the units digit of d(-6)?
7
Suppose -16*a + 3192 + 6760 = 0. What is the tens digit of a?
2
Suppose -2061 = -3*z + 567. What is the units digit of z?
6
Let r be (1/(-3))/(8981/(-2247) - -4). Let q = r - -258. What is the tens digit of q?
5
Let w(g) = -g**3 + 8*g**2 - 8*g + 9. Let m be w(7). Suppose 81 = -m*h + 263. What is the tens digit of h?
9
Suppose -2 = -4*j + 34. Let c be j/(-12)*-4 + 24. Suppose 2*k - c = -k - 3*v, -v + 1 = 0. What is the units digit of k?
8
Let i(y) = 5*y**2 - 7. Let l(x) = x**2 - x - 1. Let h(c) = -i(c) + 6*l(c). What is the units digit of h(9)?
8
Let n(a) = 14*a - 1. Let u be n(5). Let g = u - 28. What is the tens digit of g - (2 - 3/(-3))?
3
Let j(z) = 6*z**2 + 21*z + 28. What is the hundreds digit of j(14)?
4
Suppose -z - 3*v + 1523 + 793 = 0, -5*z - 2*v + 11567 = 0. What is the tens digit of z?
1
Let t = -4677 - -7238. What is the units digit of t?
1
Let d(n) = -47*n**2 + 549*n - 5. What is the hundreds digit of d(8)?
3
Let y(o) = 193*o**2 - 2*o + 13. What is the units digit of y(2)?
1
Let r(j) = 4*j + 21. Let y be r(-5). What is the units digit of (-79 - 4)*(-2 + y)?
3
Let p be (0 + 6)*140/(-42). Let o be p/6*81/(-45). Suppose h = o - 3. What is the units digit of h?
3
Let a(h) = 8*h - 24. Let n be a(6). Let p = n - -47. What is the units digit of p?
1
Suppose 4*q - 2950 = 7466. What is the hundreds digit of q?
6
Let r be 2/(-4)*(-3 - 239). Let h = r - 0. What is the hundreds digit of h?
1
Let y(i) = -28*i - 35. What is the hundreds digit of y(-9)?
2
Suppose -483 = -5*s - 13*p + 11*p, -3*p = 3. What is the units digit of s?
7
Let y be (5 + (-1 - 0))*194/4. Let l = y - -49. What is the units digit of l?
3
Suppose 7500 + 1688 = 4*p. What is the tens digit of p?
9
Let g be (-45)/10*2*-1. What is the tens digit of (33/g + -3)*99/6?
1
Let t(a) = -a**3 + 5*a**2 + 3*a + 1. Let s be t(5). Let n(b) = b**3 + 9*b**2 - 2*b - 13. Let k be n(-9). Suppose m = -k + s. What is the units digit of m?
1
Let j(g) = g**2 - 11*g + 20. Let a be j(8). Let f(v) = -v**2 - 7*v - 3. What is the units digit of f(a)?
9
Let x(b) = b - 5. Let q be x(-5). Let u be (-8)/(-5)*(-25)/q. Suppose 5*n + 5*k - 120 = 0, n + 2 - 1 = u*k. What is the tens digit of n?
1
Let c = 8545 + -3381. What is the thousands digit of c?
5
Let h(g) be the second derivative of 2*g**3 + 2*g**2 - 3*g. Let o be h(6). Suppose 4*d - o = -2*u, -2*u - 2*d = -d - 70. What is the tens digit of u?
3
Suppose -6*z + 7*z - 905 = 0. What is the tens digit of z?
0
Let z(l) be the second derivative of -1/12*l**4 - 11/6*l**3 + 0 - 3*l**2 - 6*l. What is the units digit of z(-5)?
4
Suppose 0 = -20*w + 1064 + 1176. What is the units digit of w?
2
Let p = 133 + -12. Suppose 83 = i - 4*w, -2*i = -0*w + w - p. What is the units digit of i?
3
What is the hundreds digit of (-4)/3 - (-2300)/15?
1
Suppose -2*n + 4*n - 11 = 3*s, 2*n - s - 13 = 0. Let x(u) be the third derivative of -u**5/60 + u**4/3 - u**3 + u**2. What is the units digit of x(n)?
1
Let b = 33 + -37. Let r(j) = 6*j**2 + 7*j - 2. What is the tens digit of r(b)?
6
Let w(l) = 3*l**3 + 7*l**2 - 9*l + 59. What is the hundreds digit of w(9)?
7
Let l be 2*(-2)/((-3)/3). Suppose l*d = 9 - 1. Suppose 3*f + 20 = 4*q + q, -d*f = -3*q + 13. What is the units digit of q?
1
What is the units digit of -1*(116 - -1)*4/(-4)?
7
Let u be ((-8)/10)/((-2)/(-25)). Let n = 18 + u. Suppose 0 = r - 9 - n. What is the units digit of r?
7
What is the tens digit of (-15 - 7898/10)/((-2)/5)?
1
Let j = 3495 + -1487. What is the hundreds digit of j?
0
Let y(i) = 20*i + 23. Let u be y(8). Suppose 0 = -4*o + 2*o + 3*c + 177, -2*o = -5*c - u. What is the units digit of o?
4
Suppose 8*q - 30662 = 658. What is the units digit of q?
5
Let n = 62 + -58. What is the units digit of (24/(-20))/(n/(-150))?
5
Suppose -4*p - 3*q + 365 = -2*p, 2*p - 372 = 4*q. What is the tens digit of p?
8
Let k be -8 - 6*4/(-6). Let p be k - (-4)/(-8)*-278. Suppose 5*f + 0 = p. What is the tens digit of f?
2
Suppose 4*j - j - 70 = o, -j + 3*o + 34 = 0. Suppose -3*z = -12, 4*s - j - 22 = -4*z. What is the units digit of s?
7
Suppose 0 = x + 3*j - j - 7, 2*x - 16 = -5*j. Suppose -4*n - x*q = -13 - 8, q + 5 = 0. What is the units digit of (-156)/(-16)*24/n?
6
Suppose -5*t = -4 - 26. Suppose -t*f + 27 = -3*f. What is the units digit of f?
9
Let q = -530 - -1145. What is the units digit of q?
5
Let q = 3 - 1. Suppose 0 = -q*i - 0*i + 10. Suppose t - 41 = -i. What is the units digit of t?
6
Let t be (4/(-3))/((-4)/18). Suppose -84 = -2*j + t*j. Let v = j - -45. What is the tens digit of v?
2
Let i = 1773 - -2044. What is the thousands digit of i?
3
Suppose 2*h - 434 = -4*u, 109 = u - 0*h + h. Suppose -u = -7*b + 200. What is the units digit of b?
4
Let b(r) = 166*r**2 - 22*r + 58. What is the hundreds digit of b(3)?
4
What is the hundreds digit of (-5 - 84/(-16))*676?
1
Let q(o) = -17*o + 142. What is the tens digit of q(-32)?
8
Let d(n) = n**2 + n. Let l(k) = -5*k**2 - 5*k - 15. Let r(a) = 6*d(a) + l(a). Suppose 272 + 36 = 44*b. What is the tens digit of r(b)?
4
Suppose -2*c + 4*y = -58, y - 2 = 3. Let h = -312 - -327. What is the units digit of c/(-4)*(-40)/h?
6
Suppose 3*t - 9 = 3*x, -13 = -4*t - 4*x - 1. Suppose w + n - t = -1, -14 = w + 5*n. Suppose w*d = 4*d + 12. What is the units digit of d?
6
Suppose u + u = 292. What is the units digit of u?
6
Let g(x) = 13*x - 1. Let o be g(4). Let j = 101 - o. What is the units digit of j?
0
Let z = 25 - 19. Let j be 3 - 6*z/(-3). Let f = j + 33. What is the tens digit of f?
4
Suppose -3*l + 2*l = 1. What is the units digit of 6*(-2)/(-3 + l)?
3
Let c = 400 - -592. What is the units digit of c?
2
Let q be -2 + 4/((-2)/(-1)). Let a(b) = 8*b + 5*b - 14*b + 0*b + 21. What is the units digit of a(q)?
1
Let u = 19 - 16. Suppose -m - 6 = -2*q, -m = q + u*q - 18. Suppose 0 = -c + 5*b - 6, -q*b - 26 = -5*c + 2*c. What is the units digit of c?
4
Let c be 134/(-11) + 12/66. What is the hundreds digit of (-135)/(-1) - (10 + c)?
1
Let b(r) = 12*r**2 + 98*r + 41. What is the tens digit of b(-19)?
1
Let z = 332 - 186. What is the units digit of z?
6
Let a be (-14)/((-2)/4*4). Suppose b - a = -3. Suppose 2*n = j - 46, -j - j - b*n = -68. What is the units digit of j?
0
What is the tens digit of (12/16)/(12/65264)?
7
Suppose f - 5 = -2. Suppose j + f*j - 8 = 0. What is the tens digit of 72/(-27)*j*-3?
1
Let y = 121 - -33. What is the hundreds digit of y?
1
Let c be 2 - (-3)/((-6)/(-110)). Suppose -4*l + l = -c. Let x = l + 1. What is the tens digit of x?
2
Let d(q) = -50*q + 12. Let z be d(-5). Suppose -2*n = 10, 4*n = 5*w - z + 72. Suppose w = 4*a - 2*g, -3*a + 2